{"id":370,"date":"2016-02-22T14:06:26","date_gmt":"2016-02-22T13:06:26","guid":{"rendered":"http:\/\/www.maransky.cz\/?page_id=370"},"modified":"2017-09-24T14:56:51","modified_gmt":"2017-09-24T12:56:51","slug":"maransky-2","status":"publish","type":"page","link":"https:\/\/www.maransky.cz\/?page_id=370","title":{"rendered":"Spole\u010dn\u00e9 akce"},"content":{"rendered":"<h1>Setk\u00e1n\u00ed \u010dlen\u016f klubu, stoln\u00ed posuzov\u00e1n\u00ed s p\u0159.Vilhelmem a p\u0159edn\u00e1\u0161ka p\u0159.Hrube\u0161e. Brand\u00fds nad Labem &#8211; Star\u00e1 Boleslav, 22. &#8211; 23. 9. 2017<\/h1>\nngg_shortcode_0_placeholder\n<hr \/>\n<h1>V\u00fdro\u010dn\u00ed \u010dlensk\u00e1 sch\u016fze 2017<\/h1>\nngg_shortcode_1_placeholder\n<hr \/>\n<p><strong>Oble\u010den\u00ed a samolepky s logem klubu<\/strong><\/p>\nngg_shortcode_2_placeholder\n<hr \/>\n<p><strong>Celost\u00e1tn\u00ed v\u00fdstava Chovatel 2015<\/strong><\/p>\nngg_shortcode_3_placeholder\n<hr \/>\n<p><strong>Klubov\u00e1 v\u00fdstava N\u011bmecko 2010&nbsp;<\/strong><\/p>\nngg_shortcode_4_placeholder\n","protected":false},"excerpt":{"rendered":"<p>Setk\u00e1n\u00ed \u010dlen\u016f klubu, stoln\u00ed posuzov\u00e1n\u00ed s p\u0159.Vilhelmem a p\u0159edn\u00e1\u0161ka p\u0159.Hrube\u0161e. Brand\u00fds nad Labem &#8211; Star\u00e1 Boleslav, 22. &#8211; 23. 9. 2017 &#8220; order_by=&#8220;sortorder&#8220; order_direction=&#8220;ASC&#8220; returns=&#8220;included&#8220; maximum_entity_count=&#8220;500&#8243;] V\u00fdro\u010dn\u00ed \u010dlensk\u00e1 sch\u016fze 2017 &#8220; order_by=&#8220;sortorder&#8220; order_direction=&#8220;ASC&#8220; returns=&#8220;included&#8220; maximum_entity_count=&#8220;500&#8243;] Oble\u010den\u00ed a samolepky s logem &hellip; <a href=\"https:\/\/www.maransky.cz\/?page_id=370\">Cel\u00fd p\u0159\u00edsp\u011bvek <span class=\"meta-nav\">&rarr;<\/span><\/a><\/p>\n","protected":false},"author":1,"featured_media":0,"parent":35,"menu_order":2,"comment_status":"closed","ping_status":"closed","template":"","meta":{"ngg_post_thumbnail":0,"footnotes":""},"class_list":["post-370","page","type-page","status-publish","hentry"],"_links":{"self":[{"href":"https:\/\/www.maransky.cz\/index.php?rest_route=\/wp\/v2\/pages\/370","targetHints":{"allow":["GET"]}}],"collection":[{"href":"https:\/\/www.maransky.cz\/index.php?rest_route=\/wp\/v2\/pages"}],"about":[{"href":"https:\/\/www.maransky.cz\/index.php?rest_route=\/wp\/v2\/types\/page"}],"author":[{"embeddable":true,"href":"https:\/\/www.maransky.cz\/index.php?rest_route=\/wp\/v2\/users\/1"}],"replies":[{"embeddable":true,"href":"https:\/\/www.maransky.cz\/index.php?rest_route=%2Fwp%2Fv2%2Fcomments&post=370"}],"version-history":[{"count":8,"href":"https:\/\/www.maransky.cz\/index.php?rest_route=\/wp\/v2\/pages\/370\/revisions"}],"predecessor-version":[{"id":1869,"href":"https:\/\/www.maransky.cz\/index.php?rest_route=\/wp\/v2\/pages\/370\/revisions\/1869"}],"up":[{"embeddable":true,"href":"https:\/\/www.maransky.cz\/index.php?rest_route=\/wp\/v2\/pages\/35"}],"wp:attachment":[{"href":"https:\/\/www.maransky.cz\/index.php?rest_route=%2Fwp%2Fv2%2Fmedia&parent=370"}],"curies":[{"name":"wp","href":"https:\/\/api.w.org\/{rel}","templated":true}]}}